 = 3*p - 104. What is the units digit of p?
2
Let v be (-2)/13 - (-4)/26. Suppose -d = v, 5*d = -0*u + u - 51. What is the tens digit of u?
5
Suppose 13 = -5*i - 2. Let k be 0/i + 2 + 50. Suppose -5*s + k = -w, 5*s - 42 = -w - 3*w. What is the units digit of s?
0
Let m = 93 + -49. What is the tens digit of m?
4
What is the units digit of (-4 - (-155)/(-15))*-3?
3
Suppose -5*c + 2*x + 35 = 0, -4*c - 2*x + 15 = -x. What is the units digit of c?
5
Suppose -2*l + 5 = -l. Suppose -l*u + 13 = -3*i + 5*i, 15 = -5*u + 5*i. What is the units digit of u?
1
Suppose y - 31 = 40. What is the tens digit of y?
7
Let j be (-11)/(-88) + 313/(-8). Let d = j + 75. What is the tens digit of d?
3
Suppose -2*v = -5*t - 48 + 3, -3*t = -4*v + 69. What is the units digit of v?
5
Suppose 1 = n - 33. Let i = n + -14. What is the tens digit of i?
2
Suppose 2*y = 3*n - 8*n + 826, -5*n = -4*y + 1592. What is the tens digit of y?
0
Suppose -b = 4*u - 521, -b + 35 = -u + 159. What is the tens digit of u?
2
Let y(x) = -2*x**3 + 2*x**2 - x + 2. Let p = -1 - -3. Let h be y(p). Let g(n) = n + 9. What is the units digit of g(h)?
1
Suppose -3*s - m + 35 = 0, -4*m + 10 - 2 = s. Let b be 2/s - (-68)/24. Suppose -g = 0, -2*x - b*x + 3*g = -30. What is the units digit of x?
6
Suppose -y + 1 + 2 = 0. Let h(g) = g**2 + 2*g + y - g - 1. What is the units digit of h(-3)?
8
Suppose 0*l = l - 17. What is the units digit of l/3 - 2/3?
5
Let c(f) = 6*f - 3 + 0*f - 3*f. Let w be (-1 - -10) + -3 - 2. What is the units digit of c(w)?
9
Suppose -3*g + g = -84. What is the units digit of g?
2
Let v = 160 + -32. What is the units digit of v?
8
Suppose -1145 + 53 = -7*p. What is the units digit of p?
6
Suppose 2*z = z + 2. Suppose o - z - 1 = 0. What is the units digit of o?
3
Suppose 0 = -2*n - 3*n + 45. Suppose f - n = -0*f. What is the units digit of f?
9
Suppose -992 = -3*q - 2*q + a, a + 395 = 2*q. What is the units digit of q?
9
Let c = 9 + -6. Suppose -c*g + 4 = g. What is the units digit of g?
1
What is the units digit of (602/21)/(8/12)?
3
Suppose 7*f + x = 2*f + 26, -f - 2*x - 2 = 0. What is the units digit of 11 - f - (-1 + 0)?
6
Let y(f) = f**2 + 5*f + 6. Let k(d) = d**2 + 4*d + 6. Let x(h) = 6*k(h) - 5*y(h). What is the tens digit of x(6)?
3
Let o(k) be the first derivative of 4*k**3/3 - 3*k**2 - 2*k - 3. Let r be o(-4). Suppose 26 = -4*i + r. What is the units digit of i?
5
Let g be (-2)/4*16/(-1). Let u(x) = -11 - x + 4*x + 4*x**3 - 3*x**3 - g*x**2. What is the tens digit of u(8)?
1
Let g be (-1 - 4)*(-12)/30. What is the units digit of -2 + -1 - (-4 - g)?
3
Let h(j) = j + 2. What is the tens digit of h(9)?
1
Suppose 8 + 29 = q. What is the units digit of q?
7
Suppose 5*z + 3*s - 57 = 0, -s = 3*z - 6*s - 7. Let a(q) = q**2 - 2*q - 6. What is the tens digit of a(z)?
5
Let d(f) = f**2 - 8*f + 4. Let i be d(8). Suppose 34 = -w - 5*k, -w + i*k - 2 + 13 = 0. Let o = w - -21. What is the tens digit of o?
1
Suppose -s = 2 - 1. Let m = s + 0. What is the tens digit of (-1 + (-10 - 2))*m?
1
Suppose 0 = -k + 4*k - 690. What is the units digit of k?
0
Let r(s) = -s**3 + 18*s**2 + 11*s + 10. What is the hundreds digit of r(18)?
2
Let h(b) be the second derivative of -2*b + 1/2*b**3 + 1/3*b**4 + 1/2*b**2 + 1/20*b**5 + 0. What is the units digit of h(-2)?
3
Let r = -9 - -19. Suppose 7*i - r*i + 24 = 0. What is the units digit of i?
8
Let z(j) = -j**3 - j**2 - 4*j - 11. What is the hundreds digit of z(-5)?
1
Suppose -2*s - 50 = 3*s. Let p = -6 - s. Suppose 0*c + p = 2*c. What is the units digit of c?
2
Suppose v - 33 = 26. What is the tens digit of v?
5
Let b be ((-9)/2)/(-3)*-2. What is the units digit of (b - (3 - 3))/(-1)?
3
Let p(y) = 17*y**2 + y. What is the units digit of p(2)?
0
Let i(n) = 168*n + 6. What is the tens digit of i(2)?
4
Suppose 21 - 8 = -o + 3*i, -2*i = -o - 8. Let x(w) = -w**3 + 5*w**2 + 2*w - 8. Let z be x(5). Suppose a = o + z. What is the units digit of a?
4
Let h be (10/(-8))/5*-124. Let v = 21 + h. What is the tens digit of v?
5
Suppose -v = -5*v - 256. What is the units digit of v/(-10) + (-6)/15?
6
Let j(c) = -2*c**3 - 5*c**2 - 6. What is the tens digit of j(-4)?
4
Let t = -55 + 82. What is the units digit of t?
7
Suppose -4 = 2*v - 14, 2*l = v - 27. Let j = -2 - l. What is the units digit of j?
9
Let r be 183/3 + 2 + -1. Suppose 0 = y - r + 22. Suppose -y = 5*u - 10*u. What is the units digit of u?
8
Let d = 5 - 2. Suppose 0 = d*u + 138 + 18. What is the units digit of (u/6)/((-8)/12)?
3
Let i be 1*((-1 - -2) + 4). Suppose -3*s + u = 7, 0 = i*s + 2*u + 31 - 1. Let p = 9 + s. What is the units digit of p?
5
Let u(h) = -4 - h**2 + 0*h - h - 38. Let b be u(0). What is the tens digit of (-1)/2 + b/(-4)?
1
Let b(o) = -o**2 - 24*o - 4. Let v be b(-24). Let k(z) = 9*z**2 + z**3 + 2*z - 4*z**2 - 4 + 0*z**3. What is the units digit of k(v)?
4
Let j(h) = h + 18. What is the units digit of j(-17)?
1
Suppose -149 + 20 = -3*n. What is the units digit of n?
3
Let k(q) be the first derivative of 3*q**3 - 7/2*q**2 + 2 - 1/4*q**4 - 2*q. What is the units digit of k(8)?
6
Let i be 5/15 + (-8)/(-3). Suppose 2*z + 6 = 4*q, 3*q = z - i + 6. Suppose -12 + q = -2*w. What is the units digit of w?
6
Suppose -4*s = 2*b + s - 29, -s = 5*b - 130. What is the tens digit of b?
2
Let a = -14 + 8. Let b be (-2)/(-4) + (-39)/a. Let f = -1 + b. What is the units digit of f?
6
Let z(x) = -x**3 - 10*x**2 + 11*x - 1. Let f be z(-11). Let q = f + 21. What is the tens digit of q?
2
Let l(u) = -u**3 - 9*u**2 - 10*u - 8. Let s be l(-8). Let w = s - 2. What is the units digit of w?
6
Let r = 42 + -70. What is the tens digit of (-1)/4 - 399/r?
1
Suppose -3*p = 2*p. Let t be -12*(-3)/(p - 6). Let y(g) = -g**2 - 8*g + 5. What is the tens digit of y(t)?
1
Suppose 0 = -3*d - 2 - 4. Let h(v) = -6*v. Let z be h(d). Suppose z = 2*t - t. What is the units digit of t?
2
Let l(w) = -w**2 + 2. Let t be l(0). Suppose 5*k = 3*d + 21, t*k - k + 6 = 4*d. What is the units digit of (-19)/(-3) - 2/k?
6
Suppose 3*j = 9 - 30. Let m be 2/(-5)*(-2 - j). Let r = m + 11. What is the units digit of r?
9
Suppose 6 = -5*i - 4. Let v be 62/4 + 1/i. What is the units digit of (1 + (-6)/15)*v?
9
Suppose -28 = -4*m + 2*b, 2*b = 2*m + 4*b - 2. Suppose -3*o = s - 17, -2*o + 43 = m*s - 81. What is the units digit of s?
6
What is the units digit of 3/9 + (-16)/(-6)?
3
Let j(c) = -c**2 + 2*c + 1. Let s be j(-1). Let l be (s/7)/((-4)/28). Suppose b = l*b + 4, o - b = 10. What is the units digit of o?
6
Suppose 5*l + 3*v - 18 = -0*l, 0 = 5*v - 5. Suppose -l*r + 52 = r. What is the units digit of r?
3
Suppose 16 = x - 4*j, -2*x + 113 = x + j. What is the tens digit of x?
3
Let s(v) = -7*v + 5. Let f be s(6). Let r = f - -61. What is the units digit of r?
4
Let a(i) = 13*i + 1. Let g be a(1). Suppose 0*p + g = 2*p. What is the units digit of p?
7
Let r be 28 + (-2 - -2)/(-1). Suppose -r = -2*g - 2*g. Suppose 52 - g = 5*z. What is the units digit of z?
9
Let x be 0/((2 - -1) + -2). Let c(v) = 6*v**3 - 2*v**2 + 2*v - 1. Let l be c(1). Suppose 0*i + l*i - 10 = x. What is the units digit of i?
2
Let a = -273 - -395. What is the hundreds digit of a?
1
Suppose 0 = 3*g - 101 - 328. What is the units digit of g?
3
Let n be ((-2)/7)/((-10)/70). Let r(t) = -t**3 - 6*t**2 - 4*t + 5. Let s be r(-5). Let u = n + s. What is the units digit of u?
2
Suppose -r + 35 = g - 2*r, -5*g + 4*r + 175 = 0. What is the units digit of g?
5
Let x = -342 - -504. What is the hundreds digit of x?
1
Suppose -2*j = 3*j. Suppose j = -r - 0*r + 15. Suppose 3*d + r = 6*d - 3*u, -3*d - u = -19. What is the units digit of d?
6
Let l = -12 + 66. What is the tens digit of l?
5
Let n(z) be the first derivative of -z**4/4 - z**3/3 + 26*z - 3. What is the tens digit of n(0)?
2
Suppose -3*m = -3*o - 2*o - 592, 0 = 5*o + 10. What is the tens digit of m?
9
Let p be (5 - 4)*(-1 + 2). Suppose 5*j = -3*q + 43, -q - p = 4*j - 6. What is the tens digit of q?
2
Let z = 7 - 3. Suppose -2*r = r + n - 20, 0 = 4*r + z*n - 40. What is the units digit of r?
5
Suppose 5*c + 20 = 0, 4*u - 12 = 4*c - 2*c. Let y(r) = 10*r. What is the tens digit of y(u)?
1
Let c be -2 - ((-2)/(-2) + 3). Let x(f) = 3*f**2 + 8 - 6*f + f**3 + 2*f**2 + 0*f**3. What is the units digit of x(c)?
8
Let f be 1/(3*1/6). Suppose -f*a